t w(s) = s**3 + 16*s**2 - 24*s + 21. Let d be w(-17). Suppose 3*b + 26 = d. Let f = 39 - b. Calculate the highest common factor of f and 4.
1
Suppose 3*a = 2*d - 20 - 9, -5*a = 25. Let j be 19/(-2)*(2 - (-4 + 8)). Suppose 7*r = 26*r - j. What is the highest common factor of r and d?
1
Suppose -91*i + 3126 = -5883. Calculate the highest common factor of i and 363.
33
Let u = -231 - -231. Suppose t + 5*s - 28 = 0, u = -4*t + 7*s - 3*s + 88. Calculate the highest common factor of t and 138.
23
Let i = -4675 + 5885. Calculate the highest common factor of 70 and i.
10
Suppose -h - 1 = 0, h + 32 + 17 = 4*z. Suppose -2*c + 116 = -z. Calculate the highest common divisor of 4 and c.
4
Suppose 32*t = 37*t - 690. Calculate the highest common divisor of t and 1150.
46
Suppose 4*f + 737 = -2*j - 3763, -4*j + 5*f = 9039. Let i be (-4)/3 - j/18. Let g = i - 88. Calculate the highest common factor of 3 and g.
3
Let l(a) = -a**2 - 9*a + 23. Let t be l(-11). Let i = 20 - 16. Suppose -7*y + 12 = -i*y. Calculate the greatest common divisor of y and t.
1
Let l be ((-3400)/(-204))/(8/1260). What is the greatest common factor of l and 300?
75
Let x be (-12)/(-9)*(0 - (-558)/(-4)). Let y = -257 + 597. Let g = x + y. What is the highest common factor of g and 14?
14
Suppose j - 2*j + 8 = 4*g, g - 3*j = 2. Suppose g*t = 2*z - 26, -2*z - z + 55 = 5*t. Let s = 94 - 34. Calculate the highest common factor of z and s.
15
Let f = -6 + 26. Let p be 193/1 + f/(-5). Let j be ((-924)/(-99))/((-8)/(-18)). Calculate the greatest common divisor of p and j.
21
Suppose -t + 5*d = 3*t - 26, -4*t + 3*d = -22. Let y be ((-5)/4)/((-10)/680). Suppose -8*l + y = 5. What is the highest common factor of l and t?
2
Suppose 0 = 7*u - 63 - 5607. Suppose 3*w + 2*w = 0. Let q be (8/(-6) + w)*u/(-20). Calculate the highest common divisor of q and 36.
18
Let l be (-630)/(-49)*28/24*8. Calculate the highest common factor of 30 and l.
30
Suppose 4*v = 6*y - 15618, -6*v + 4*v - 2615 = -y. What is the greatest common divisor of y and 53?
53
Suppose -2488*z + 2503*z = 570. Suppose c - 266 = -c. Calculate the greatest common factor of z and c.
19
Let k(c) be the second derivative of c**5/20 + c**4/2 + 5*c**3/6 + 3*c**2/2 - 78*c. Let t be k(-2). Calculate the greatest common factor of 225 and t.
9
Suppose -89*u + 90*u - 5*r = 3395, 5*r = 15. What is the greatest common divisor of 93 and u?
31
Let c = 331 - 185. Suppose 292 = 3*l - b, -3*l - b = c - 448. Let t = 35 + -24. What is the greatest common factor of t and l?
11
Suppose -22 - 2 = -6*o. Suppose o*f - f = 6. Suppose 4 = -f*d + 52. Calculate the highest common divisor of 3 and d.
3
Let j(a) = -3*a**3 - 4*a**2 - a - 24. Let i be j(-5). What is the highest common factor of i and 320?
64
Suppose -4*v - 1110 = -9*v. Suppose m + 2*h = v, -5*h = -m - 68 + 269. What is the highest common factor of m and 72?
72
Suppose -7*x = -i - 8325, x - 724 - 467 = i. Calculate the greatest common factor of x and 261.
29
Let z(i) = -i**3 - 51*i**2 - 156*i - 519. Let j be z(-48). Calculate the greatest common divisor of j and 4731.
57
Let l be 2/(-6)*-38*18. Suppose 0 = 251*a - 2241 - 771. What is the highest common factor of a and l?
12
Let a be 0/(1 + 0) - -117. Suppose -10*n = -416 - 674. Suppose -n - 161 = -30*v. Calculate the greatest common factor of a and v.
9
Let n be (-1572)/(-12) + -54 + 35. What is the highest common factor of 1904 and n?
112
Let f = 134366 - 134360. Let x be (-1 + 2)*78*1. What is the greatest common factor of f and x?
6
Let x be 9*(-4 + 92/18). Let d(g) = -g**2 + 3*g + 27. Let y be d(x). Let u = 97 + y. Calculate the highest common factor of u and 54.
54
Suppose -5*w = -w + 24. Let n(j) = -7*j - 6. Let x be n(w). Let b = x + -30. Calculate the greatest common factor of b and 2.
2
Let t be (3000/(-240))/((-1)/234). What is the greatest common factor of t and 260?
65
Suppose -f - 2 = -6. Let w(i) = 14*i. Let u be w(f). Let k(v) = -3*v**2 - 281*v + 4168. Let o be k(13). What is the greatest common factor of u and o?
8
Suppose -9*i + 45990 = 33*i. Let o = i + -642. What is the greatest common factor of o and 3?
3
Let v be 2/(-6) - 10/(-3). Let s be ((-536)/201)/(26/(-18) - -1). Suppose -v*u + 4*p = -5*u + 254, -s = -2*p. What is the highest common factor of u and 11?
11
Let f(w) = w**2 - 114*w + 1884. Let c be f(20). Calculate the greatest common divisor of 5924 and c.
4
Let g = 21240 + -9136. Calculate the greatest common divisor of 408 and g.
136
Let w be -180*((-112)/(-6))/(-14). What is the greatest common factor of w and 255?
15
Let c be (-4)/10 + 196/(-10). Let x(l) = -l**2 - 24*l - 182. Let g be x(-14). Let t = c - g. What is the greatest common divisor of 44 and t?
22
Let m = -5836 + 6194. Calculate the greatest common divisor of m and 8413.
179
Let q be 1/2*(-12 + 11 - -191). Calculate the greatest common factor of 855 and q.
95
Suppose -2*j + m + 187 = 2*j, j - 3*m = 33. Suppose -57 = -w + 7. Calculate the highest common factor of j and w.
16
Let d(p) = 105*p - 5. Let l be d(3). Suppose -2*g + 196 + l = 0. Let m = 27 + -4. Calculate the greatest common divisor of m and g.
23
Suppose 10*p - 271 = 139. Calculate the greatest common factor of 41 and p.
41
Let x(u) = 4*u**3 - 33 + 48*u**2 - 26*u + 29*u - 12*u. Let o be x(-12). Calculate the highest common divisor of 3 and o.
3
Let m(f) = 37*f**2 - 7*f + 29. Let c be m(6). Suppose -461 = 6*i - c. What is the greatest common factor of i and 13?
13
Let y be (33800/(-364))/(4 - (-57)/(-14)). What is the greatest common divisor of 1350 and y?
50
Let r be (-12)/((-2)/(-28)*-3). Suppose -2*f + 28*f - 182 = 0. What is the greatest common factor of r and f?
7
Let y = 52 - 44. Suppose 0 = y*h - 4*h - 12. Suppose -5*x = 3*z - 8, -2*z + 8 - 1 = h*x. What is the highest common divisor of z and 1?
1
Let w(p) = p + 7. Let x be w(-7). Suppose x = -4*f - 16, -2*f - 646 = 3*l - 5*l. Suppose 11*a - 726 = l. What is the greatest common factor of 38 and a?
19
Suppose 3*t = 24 + 54. Let l = 9958 + -9945. What is the highest common divisor of l and t?
13
Let t be (4 - 0) + 15 + 6. Suppose -t + 80 = 5*b. Suppose 14 = o + 3. What is the greatest common divisor of o and b?
11
Let q = -301 + 702. Let l = 1319 - q. Calculate the highest common factor of l and 54.
54
Let q be (-33)/(-132) - 26/8. Let k(s) = -3*s**3 - 2*s**2 + 9. Let o be k(q). Calculate the highest common divisor of o and 504.
72
Let o = -23 + 14. Let r(f) = -f**3 + 13*f**2 - 4*f - 91. Let s be r(12). Let x = s - o. Calculate the highest common divisor of x and 56.
14
Suppose -r = 2*r + r. Suppose 7*d - 74 - 290 = r. What is the highest common divisor of d and 65?
13
Suppose -26*o + 17*o + 9 = -8*o. Calculate the greatest common factor of o and 201.
3
Suppose 5*w = 3*t + 24661 + 2453, 4*w - t - 21687 = 0. What is the greatest common factor of w and 39?
39
Suppose 12*q = 14*q - 600. Let h = 627 + -597. Calculate the greatest common divisor of h and q.
30
Let v be (-1239)/(-6) + (-2)/(-4). Suppose -3*k - 345 + 621 = 0. Calculate the greatest common factor of k and v.
23
Suppose 94 = 3*l - l. Let m be -6*(-15)/450*(-25)/(-5). Calculate the greatest common factor of l and m.
1
Let t = -15701 - -15733. Let w(d) = 57*d**2 - 3*d + 2. Let l be w(2). Calculate the highest common divisor of l and t.
32
Let x(g) = g**3 - 5*g**2 - 6*g + 3. Let j be x(6). Let w(c) = 154*c - 154*c + 19*c**j + 1. Let u be w(1). What is the greatest common factor of 40 and u?
20
Let n(d) = d**2 + 24*d + 173. Let p be n(-9). What is the greatest common factor of 2318 and p?
38
Let w be ((-9)/(-2))/(14 + 135/(-10)). Let f = -30 - -147. Calculate the highest common factor of w and f.
9
Let h = 145 + -167. Let t be 143 - ((-1)/2 - (-77)/h). Calculate the greatest common divisor of t and 49.
49
Let z = 316 - -454. Let k(o) = 2*o**3 + o**2. Let g be k(1). Suppose -z = -g*d - 203. Calculate the highest common factor of d and 27.
27
Let x be ((-1)/(-2))/(1/22). Let o(t) = t**2 - 4*t - 26. Let b be o(x). What is the greatest common divisor of 17 and b?
17
Suppose 36 = -8*s + 11*s + 2*o, 0 = s - 4*o - 12. What is the greatest common factor of s and 24?
12
Let o = -10476 + 11322. Calculate the greatest common divisor of 684 and o.
18
Suppose 2*p + q - 79 = 0, 65*q + 194 = 5*p + 67*q. Let r